{"id":8992,"date":"2025-05-12T16:50:34","date_gmt":"2025-05-12T14:50:34","guid":{"rendered":"https:\/\/www.institutulmontessori.ro\/resurse-edu\/dialog-cu-adina-jurca-educator-montessori-ami-la-scoala-de-stat-liviu-rebreanu-din-miercurea-ciuc\/"},"modified":"2025-07-22T08:51:55","modified_gmt":"2025-07-22T06:51:55","slug":"dialog-cu-adina-jurca-educator-montessori-ami-la-scoala-de-stat-liviu-rebreanu-din-miercurea-ciuc","status":"publish","type":"resurse-edu","link":"https:\/\/www.institutulmontessori.ro\/en\/resurse-edu\/dialog-cu-adina-jurca-educator-montessori-ami-la-scoala-de-stat-liviu-rebreanu-din-miercurea-ciuc\/","title":{"rendered":"Dialogue with Adina Jurc\u0103, AMI Montessori educator at the Liviu Rebreanu state school in Miercurea Ciuc"},"content":{"rendered":"<p>Adina&#8217;s story can be the starting point for the beginning of other stories we are eager to support.<\/p>\n","protected":false},"excerpt":{"rendered":"<p>Adina&#8217;s story can be the starting point for the beginning of other stories we are eager to support.<\/p>\n","protected":false},"featured_media":0,"template":"","categorii-resurse-educationale":[46,51],"class_list":["post-8992","resurse-edu","type-resurse-edu","status-publish","hentry","categorii-resurse-educationale-all","categorii-resurse-educationale-videos"],"yoast_head":"<!-- This site is optimized with the Yoast SEO plugin v25.3.1 - https:\/\/yoast.com\/wordpress\/plugins\/seo\/ -->\n<title>Dialogue with Adina Jurc\u0103, AMI Montessori educator at the Liviu Rebreanu state school in Miercurea Ciuc - Montessori Institute of Bucharest<\/title>\n<meta name=\"description\" content=\"Povestea Adinei poate fi punct de plecare pentru \u00eenceputul altor pove\u0219ti pe care suntem ner\u0103bd\u0103tori s\u0103 le sus\u021binem.\" \/>\n<meta name=\"robots\" content=\"index, follow, max-snippet:-1, max-image-preview:large, max-video-preview:-1\" \/>\n<link rel=\"canonical\" href=\"https:\/\/www.institutulmontessori.ro\/en\/resurse-edu\/dialog-cu-adina-jurca-educator-montessori-ami-la-scoala-de-stat-liviu-rebreanu-din-miercurea-ciuc\/\" \/>\n<meta property=\"og:locale\" content=\"en_US\" \/>\n<meta property=\"og:type\" content=\"article\" \/>\n<meta property=\"og:title\" content=\"Dialogue with Adina Jurc\u0103, AMI Montessori educator at the Liviu Rebreanu state school in Miercurea Ciuc - Montessori Institute of Bucharest\" \/>\n<meta property=\"og:description\" content=\"Povestea Adinei poate fi punct de plecare pentru \u00eenceputul altor pove\u0219ti pe care suntem ner\u0103bd\u0103tori s\u0103 le sus\u021binem.\" \/>\n<meta property=\"og:url\" content=\"https:\/\/www.institutulmontessori.ro\/en\/resurse-edu\/dialog-cu-adina-jurca-educator-montessori-ami-la-scoala-de-stat-liviu-rebreanu-din-miercurea-ciuc\/\" \/>\n<meta property=\"og:site_name\" content=\"Montessori Institute of Bucharest\" \/>\n<meta property=\"article:modified_time\" content=\"2025-07-22T06:51:55+00:00\" \/>\n<meta name=\"twitter:card\" content=\"summary_large_image\" \/>\n<meta name=\"twitter:label1\" content=\"Est. reading time\" \/>\n\t<meta name=\"twitter:data1\" content=\"1 minute\" \/>\n<script type=\"application\/ld+json\" class=\"yoast-schema-graph\">{\"@context\":\"https:\/\/schema.org\",\"@graph\":[{\"@type\":\"WebPage\",\"@id\":\"https:\/\/www.institutulmontessori.ro\/en\/resurse-edu\/dialog-cu-adina-jurca-educator-montessori-ami-la-scoala-de-stat-liviu-rebreanu-din-miercurea-ciuc\/\",\"url\":\"https:\/\/www.institutulmontessori.ro\/en\/resurse-edu\/dialog-cu-adina-jurca-educator-montessori-ami-la-scoala-de-stat-liviu-rebreanu-din-miercurea-ciuc\/\",\"name\":\"Dialogue with Adina Jurc\u0103, AMI Montessori educator at the Liviu Rebreanu state school in Miercurea Ciuc - Montessori Institute of Bucharest\",\"isPartOf\":{\"@id\":\"https:\/\/www.institutulmontessori.ro\/en\/#website\"},\"datePublished\":\"2025-05-12T14:50:34+00:00\",\"dateModified\":\"2025-07-22T06:51:55+00:00\",\"description\":\"Povestea Adinei poate fi punct de plecare pentru \u00eenceputul altor pove\u0219ti pe care suntem ner\u0103bd\u0103tori s\u0103 le sus\u021binem.\",\"breadcrumb\":{\"@id\":\"https:\/\/www.institutulmontessori.ro\/en\/resurse-edu\/dialog-cu-adina-jurca-educator-montessori-ami-la-scoala-de-stat-liviu-rebreanu-din-miercurea-ciuc\/#breadcrumb\"},\"inLanguage\":\"en-US\",\"potentialAction\":[{\"@type\":\"ReadAction\",\"target\":[\"https:\/\/www.institutulmontessori.ro\/en\/resurse-edu\/dialog-cu-adina-jurca-educator-montessori-ami-la-scoala-de-stat-liviu-rebreanu-din-miercurea-ciuc\/\"]}]},{\"@type\":\"BreadcrumbList\",\"@id\":\"https:\/\/www.institutulmontessori.ro\/en\/resurse-edu\/dialog-cu-adina-jurca-educator-montessori-ami-la-scoala-de-stat-liviu-rebreanu-din-miercurea-ciuc\/#breadcrumb\",\"itemListElement\":[{\"@type\":\"ListItem\",\"position\":1,\"name\":\"Acas\u0103\",\"item\":\"https:\/\/www.institutulmontessori.ro\/en\/\"},{\"@type\":\"ListItem\",\"position\":2,\"name\":\"Resurse educa\u021bionale\",\"item\":\"https:\/\/www.institutulmontessori.ro\/en\/resurse-edu\/\"},{\"@type\":\"ListItem\",\"position\":3,\"name\":\"Dialogue with Adina Jurc\u0103, AMI Montessori educator at the Liviu Rebreanu state school in Miercurea Ciuc\"}]},{\"@type\":\"WebSite\",\"@id\":\"https:\/\/www.institutulmontessori.ro\/en\/#website\",\"url\":\"https:\/\/www.institutulmontessori.ro\/en\/\",\"name\":\"Montessori Institute of Bucharest\",\"description\":\"Montessori Institute of Bucharest\",\"potentialAction\":[{\"@type\":\"SearchAction\",\"target\":{\"@type\":\"EntryPoint\",\"urlTemplate\":\"https:\/\/www.institutulmontessori.ro\/en\/?s={search_term_string}\"},\"query-input\":{\"@type\":\"PropertyValueSpecification\",\"valueRequired\":true,\"valueName\":\"search_term_string\"}}],\"inLanguage\":\"en-US\"}]}<\/script>\n<!-- \/ Yoast SEO plugin. -->","yoast_head_json":{"title":"Dialogue with Adina Jurc\u0103, AMI Montessori educator at the Liviu Rebreanu state school in Miercurea Ciuc - Montessori Institute of Bucharest","description":"Povestea Adinei poate fi punct de plecare pentru \u00eenceputul altor pove\u0219ti pe care suntem ner\u0103bd\u0103tori s\u0103 le sus\u021binem.","robots":{"index":"index","follow":"follow","max-snippet":"max-snippet:-1","max-image-preview":"max-image-preview:large","max-video-preview":"max-video-preview:-1"},"canonical":"https:\/\/www.institutulmontessori.ro\/en\/resurse-edu\/dialog-cu-adina-jurca-educator-montessori-ami-la-scoala-de-stat-liviu-rebreanu-din-miercurea-ciuc\/","og_locale":"en_US","og_type":"article","og_title":"Dialogue with Adina Jurc\u0103, AMI Montessori educator at the Liviu Rebreanu state school in Miercurea Ciuc - Montessori Institute of Bucharest","og_description":"Povestea Adinei poate fi punct de plecare pentru \u00eenceputul altor pove\u0219ti pe care suntem ner\u0103bd\u0103tori s\u0103 le sus\u021binem.","og_url":"https:\/\/www.institutulmontessori.ro\/en\/resurse-edu\/dialog-cu-adina-jurca-educator-montessori-ami-la-scoala-de-stat-liviu-rebreanu-din-miercurea-ciuc\/","og_site_name":"Montessori Institute of Bucharest","article_modified_time":"2025-07-22T06:51:55+00:00","twitter_card":"summary_large_image","twitter_misc":{"Est. reading time":"1 minute"},"schema":{"@context":"https:\/\/schema.org","@graph":[{"@type":"WebPage","@id":"https:\/\/www.institutulmontessori.ro\/en\/resurse-edu\/dialog-cu-adina-jurca-educator-montessori-ami-la-scoala-de-stat-liviu-rebreanu-din-miercurea-ciuc\/","url":"https:\/\/www.institutulmontessori.ro\/en\/resurse-edu\/dialog-cu-adina-jurca-educator-montessori-ami-la-scoala-de-stat-liviu-rebreanu-din-miercurea-ciuc\/","name":"Dialogue with Adina Jurc\u0103, AMI Montessori educator at the Liviu Rebreanu state school in Miercurea Ciuc - Montessori Institute of Bucharest","isPartOf":{"@id":"https:\/\/www.institutulmontessori.ro\/en\/#website"},"datePublished":"2025-05-12T14:50:34+00:00","dateModified":"2025-07-22T06:51:55+00:00","description":"Povestea Adinei poate fi punct de plecare pentru \u00eenceputul altor pove\u0219ti pe care suntem ner\u0103bd\u0103tori s\u0103 le sus\u021binem.","breadcrumb":{"@id":"https:\/\/www.institutulmontessori.ro\/en\/resurse-edu\/dialog-cu-adina-jurca-educator-montessori-ami-la-scoala-de-stat-liviu-rebreanu-din-miercurea-ciuc\/#breadcrumb"},"inLanguage":"en-US","potentialAction":[{"@type":"ReadAction","target":["https:\/\/www.institutulmontessori.ro\/en\/resurse-edu\/dialog-cu-adina-jurca-educator-montessori-ami-la-scoala-de-stat-liviu-rebreanu-din-miercurea-ciuc\/"]}]},{"@type":"BreadcrumbList","@id":"https:\/\/www.institutulmontessori.ro\/en\/resurse-edu\/dialog-cu-adina-jurca-educator-montessori-ami-la-scoala-de-stat-liviu-rebreanu-din-miercurea-ciuc\/#breadcrumb","itemListElement":[{"@type":"ListItem","position":1,"name":"Acas\u0103","item":"https:\/\/www.institutulmontessori.ro\/en\/"},{"@type":"ListItem","position":2,"name":"Resurse educa\u021bionale","item":"https:\/\/www.institutulmontessori.ro\/en\/resurse-edu\/"},{"@type":"ListItem","position":3,"name":"Dialogue with Adina Jurc\u0103, AMI Montessori educator at the Liviu Rebreanu state school in Miercurea Ciuc"}]},{"@type":"WebSite","@id":"https:\/\/www.institutulmontessori.ro\/en\/#website","url":"https:\/\/www.institutulmontessori.ro\/en\/","name":"Montessori Institute of Bucharest","description":"Montessori Institute of Bucharest","potentialAction":[{"@type":"SearchAction","target":{"@type":"EntryPoint","urlTemplate":"https:\/\/www.institutulmontessori.ro\/en\/?s={search_term_string}"},"query-input":{"@type":"PropertyValueSpecification","valueRequired":true,"valueName":"search_term_string"}}],"inLanguage":"en-US"}]}},"_links":{"self":[{"href":"https:\/\/www.institutulmontessori.ro\/en\/wp-json\/wp\/v2\/resurse-edu\/8992","targetHints":{"allow":["GET"]}}],"collection":[{"href":"https:\/\/www.institutulmontessori.ro\/en\/wp-json\/wp\/v2\/resurse-edu"}],"about":[{"href":"https:\/\/www.institutulmontessori.ro\/en\/wp-json\/wp\/v2\/types\/resurse-edu"}],"wp:attachment":[{"href":"https:\/\/www.institutulmontessori.ro\/en\/wp-json\/wp\/v2\/media?parent=8992"}],"wp:term":[{"taxonomy":"categorii-resurse-educationale","embeddable":true,"href":"https:\/\/www.institutulmontessori.ro\/en\/wp-json\/wp\/v2\/categorii-resurse-educationale?post=8992"}],"curies":[{"name":"wp","href":"https:\/\/api.w.org\/{rel}","templated":true}]}}

Dialogue with Adina Jurcă, AMI Montessori educator at the Liviu Rebreanu state school in Miercurea Ciuc

<!-- This site is optimized with the Yoast SEO plugin v25.3.1 - https://yoast.com/wordpress/plugins/seo/ -->
<title>Dialogue with Adina Jurcă, AMI Montessori educator at the Liviu Rebreanu state school in Miercurea Ciuc - Montessori Institute of Bucharest</title>
<meta name="description" content="Povestea Adinei poate fi punct de plecare pentru începutul altor povești pe care suntem nerăbdători să le susținem." />
<meta name="robots" content="index, follow, max-snippet:-1, max-image-preview:large, max-video-preview:-1" />
<link rel="canonical" href="https://www.institutulmontessori.ro/en/resurse-edu/dialog-cu-adina-jurca-educator-montessori-ami-la-scoala-de-stat-liviu-rebreanu-din-miercurea-ciuc/" />
<meta property="og:locale" content="en_US" />
<meta property="og:type" content="article" />
<meta property="og:title" content="Dialogue with Adina Jurcă, AMI Montessori educator at the Liviu Rebreanu state school in Miercurea Ciuc - Montessori Institute of Bucharest" />
<meta property="og:description" content="Povestea Adinei poate fi punct de plecare pentru începutul altor povești pe care suntem nerăbdători să le susținem." />
<meta property="og:url" content="https://www.institutulmontessori.ro/en/resurse-edu/dialog-cu-adina-jurca-educator-montessori-ami-la-scoala-de-stat-liviu-rebreanu-din-miercurea-ciuc/" />
<meta property="og:site_name" content="Montessori Institute of Bucharest" />
<meta property="article:modified_time" content="2025-07-22T06:51:55+00:00" />
<meta name="twitter:card" content="summary_large_image" />
<meta name="twitter:label1" content="Est. reading time" />
	<meta name="twitter:data1" content="1 minute" />
<script type="application/ld+json" class="yoast-schema-graph">{"@context":"https://schema.org","@graph":[{"@type":"WebPage","@id":"https://www.institutulmontessori.ro/en/resurse-edu/dialog-cu-adina-jurca-educator-montessori-ami-la-scoala-de-stat-liviu-rebreanu-din-miercurea-ciuc/","url":"https://www.institutulmontessori.ro/en/resurse-edu/dialog-cu-adina-jurca-educator-montessori-ami-la-scoala-de-stat-liviu-rebreanu-din-miercurea-ciuc/","name":"Dialogue with Adina Jurcă, AMI Montessori educator at the Liviu Rebreanu state school in Miercurea Ciuc - Montessori Institute of Bucharest","isPartOf":{"@id":"https://www.institutulmontessori.ro/en/#website"},"datePublished":"2025-05-12T14:50:34+00:00","dateModified":"2025-07-22T06:51:55+00:00","description":"Povestea Adinei poate fi punct de plecare pentru începutul altor povești pe care suntem nerăbdători să le susținem.","breadcrumb":{"@id":"https://www.institutulmontessori.ro/en/resurse-edu/dialog-cu-adina-jurca-educator-montessori-ami-la-scoala-de-stat-liviu-rebreanu-din-miercurea-ciuc/#breadcrumb"},"inLanguage":"en-US","potentialAction":[{"@type":"ReadAction","target":["https://www.institutulmontessori.ro/en/resurse-edu/dialog-cu-adina-jurca-educator-montessori-ami-la-scoala-de-stat-liviu-rebreanu-din-miercurea-ciuc/"]}]},{"@type":"BreadcrumbList","@id":"https://www.institutulmontessori.ro/en/resurse-edu/dialog-cu-adina-jurca-educator-montessori-ami-la-scoala-de-stat-liviu-rebreanu-din-miercurea-ciuc/#breadcrumb","itemListElement":[{"@type":"ListItem","position":1,"name":"Acasă","item":"https://www.institutulmontessori.ro/en/"},{"@type":"ListItem","position":2,"name":"Resurse educaționale","item":"https://www.institutulmontessori.ro/en/resurse-edu/"},{"@type":"ListItem","position":3,"name":"Dialogue with Adina Jurcă, AMI Montessori educator at the Liviu Rebreanu state school in Miercurea Ciuc"}]},{"@type":"WebSite","@id":"https://www.institutulmontessori.ro/en/#website","url":"https://www.institutulmontessori.ro/en/","name":"Montessori Institute of Bucharest","description":"Montessori Institute of Bucharest","potentialAction":[{"@type":"SearchAction","target":{"@type":"EntryPoint","urlTemplate":"https://www.institutulmontessori.ro/en/?s={search_term_string}"},"query-input":{"@type":"PropertyValueSpecification","valueRequired":true,"valueName":"search_term_string"}}],"inLanguage":"en-US"}]}</script>
<!-- / Yoast SEO plugin. -->

Dialogue with Adina Jurcă, AMI Montessori educator at the Liviu Rebreanu state school in Miercurea Ciuc - Montessori Institute of Bucharest

Povestea Adinei poate fi punct de plecare pentru începutul altor povești pe care suntem nerăbdători să le susținem.

Acasă

Resurse educaționale
